87).
35
What is the value of -12 + (-10 - 3) + 105 + 26 + -12?
94
What is 78 + -13 + (3 - (6 - 2) - 2 - 4)?
58
(13 - (-22 + 23 + -21)) + -1
32
What is the value of (2 - -20) + (-7 - -12) + 2 - (-9 + 3)?
35
What is (-28 - (2 + -53)) + -69?
-46
Evaluate 3 - ((-23 - -12) + 9 + -5) - (4 - -16).
-10
Calculate 7 + 1 + (-32 - (-3 - 19)).
-2
Evaluate -6 + 98 + -15 + (24 - 16) + 1 + 7.
93
What is the value of -61 + (52 + -119 - -150)?
22
Calculate -14 + -1 + -76 + 48 - (6 + (-3 - 0)).
-46
Evaluate 13 + -3 + (10 - 12) - -28.
36
7 + -1 + -12 + (7 - 17) - 64
-80
Calculate 89 - (44 + (-54 - -108)).
-9
Evaluate -19 + (-53 - -69) + -3 + -57.
-63
15 + -73 + 21 + 21 - 90
-106
What is the value of 26 - ((28 - 63 - -44) + -42)?
59
Evaluate (0 - (-2 + -61)) + 67 + 13 + -64.
79
What is -25567 + 25480 - (16 + (2 - 0))?
-105
48 - (79 + 114 + -61)
-84
Evaluate -27 + (-4 - -1) + -17 + 39 + -36 + 27.
-17
-51 + 65 + -36 + 13
-9
What is the value of -74 + 188 + -184 - -67?
-3
Calculate 7 + -4 + -15 + 32 + -8 + 0 + -133.
-121
What is (-1 - -1 - (3 - -45)) + (67 + -101 - -43)?
-39
(81 - 86) + (-6 - 41) - 14
-66
What is the value of -7 + -46 + -113 + 172?
6
What is 1 + -16 + 2 + (-21 - -2) + 8?
-24
What is (-3 - 1) + (-111 - -143) + 0?
28
Evaluate (17 - 14) + -56 + 26 - -32.
5
Calculate (-1 + 134 - (18 - (2 + -24 + 49))) + -3.
139
What is the value of -1 + 63 - (301 + -248) - (-70 + -1)?
80
What is -1 + -33 + (-3493 - -3548)?
21
What is the value of 19 - (8 - -75) - -101?
37
Calculate (-46 + 13 + -3 - -13) + 65.
42
What is -52 + -131 + (116 - -135)?
68
Calculate 19 + -17 + -144 - (45 - 82).
-105
What is the value of (-377 - (-54 - 85)) + 119?
-119
Evaluate 40 + 7 - 71 - (4 - 24).
-4
Evaluate -3 - ((-169 + 135 - (1 - -11)) + -11).
54
What is (156 - 49 - (0 - 0)) + -35?
72
Calculate 18 + -47 + 43 + 43.
57
What is (10 - (89 - 75)) + (-15 - 2 - -3)?
-18
Evaluate (-128 - -191) + (3 - (7 - (-2 + 2))).
59
(61 - 173) + 89 + (0 - 9)
-32
What is the value of (-1 - 13 - 6 - -6) + 20?
6
What is 89 - (106 + 27) - (-31 + -1)?
-12
529 + -277 - (135 + -4)
121
What is 1 + -33 + -149 + 134?
-47
What is -25 + (82 - (68 + -62))?
51
7 - -10 - (40 + -18 + -34)
29
Evaluate (-49 + 59 - 16) + -36.
-42
Calculate -1 + 2 + -32 + (88 - 16).
41
(-12 + 38 - 24) + -4 + (67 - 2) + 7
70
49 + -2 + 1 + 301 + -151 + -151
47
Evaluate -34 - (-56 - -10) - 6.
6
What is (-6 - 115) + (-596 - -715)?
-2
What is the value of (16 - (-9 + 2)) + 48 + -140?
-69
Calculate -13 + 87 - 24 - 102.
-52
What is the value of -83 + (7 - 2 - 1) + (0 - (31 + -25))?
-85
What is -7 - 2 - (48 - (-38 + 70))?
-25
Evaluate (46 - 71 - 53) + (0 - 3) + 0.
-81
37 - (86 + -35 + 12)
-26
What is the value of -8 + 4 + -3 - (60 - 68 - (-58 - -4))?
-53
What is 62 + 5 - 215 - -132?
-16
What is the value of (3 - -7) + (-2 - (7 + -21)) + -18 - 3?
1
What is the value of -37 - -32 - (4 - (0 - (7 - 13 - -20)))?
-23
What is the value of -2 - 1 - (-13 - (-33 + 24))?
1
Evaluate (-3 - -3) + (15 - 7) + -3 + 58 + -3.
60
Evaluate 47 + -58 + 1 + 47 - -11 - -4.
52
What is -3169 - -3143 - (-2 - (-3 - -16))?
-11
Calculate (34 - -30 - 22) + (0 - -3).
45
Evaluate 17 - (22 + 11) - 33 - (3 + -1).
-51
Calculate 41 + -7 + (42 - 61) + 3.
18
Calculate -1 - (6 + (33 - 11)) - -95.
66
What is 49 - (2 + 1) - (-3 - (12 + -25)) - 8?
28
-3 + (-20 - -4) - (33 + -11 + 25)
-66
What is the value of (165 - 159) + (30 - -1) + 9 + -14?
32
Evaluate (-65 - -82) + -48 + -45.
-76
Evaluate 34 - 47 - (-3 + -31 + (6 - 5)).
20
-14 + (-66 - (-8 + (11 - (-11 + 27))))
-67
What is the value of (18 - 14) + 66 + -15 - (4 + -5 + 1)?
55
Calculate (-1 - -8) + (83 - 1 - (17 - (-37 + 45))).
80
-31 - (-39 + -66 + 71)
3
What is the value of -67 + 60 + -44 + 68?
17
What is 128 + -120 + (100 - 104)?
4
What is the value of 3966 + -4076 - (-2 + -162)?
54
Evaluate -112 + 229 + -22 + 1 + -14.
82
What is 28 + -90 - (-4 - (-11 + (-10 - -21)))?
-58
-2 - ((-6 - (0 + -5)) + (10 - (-17 - 7)))
-35
What is the value of (4 - (15 - -4)) + (16 - (49 + -11 - 18))?
-19
Evaluate (27 - -14) + -27 - (76 + 1) - -16.
-47
Evaluate ((13 - 25 - -5 - 7) + 24 - 6) + 1.
5
Calculate (-33 - (-23 + 11)) + (-86 - -51).
-56
What is -143 + 225 + (14 - (-6 + 1 + 0))?
101
-170 + 104 + 154 + 16
104
-21 + 4 + -46 + -7 + 22
-48
What is the value of -105 + (-26 - 17) - -94?
-54
Evaluate (8 + -3 - (-90 + 22)) + 57 + -63.
67
What is the value of (3 - -1) + (-42 - -10) + 85?
57
Evaluate 6 + 20 + -75 - ((27 - 14) + -19).
-43
What is the value of -72 + -15 + 153 + 5?
71
Evaluate -89 + 11 + -5 - (-24 - (-23 + 3)).
-79
What is the value of (-1 - -6) + -154 + 33 + 3 + (-1 - -1)?
-113
What is -14 + 10 - (4 + (31 - (-11 + 5 + 0)))?
-45
What is the value of 23 + (2 + 58 - (428 - 408))?
63
Calculate -7 + (18 + -1 + -7 - 8) - (-7 - 0).
2
Evaluate 12 + -16 - (0 - 14) - 86 - 1.
-77
What is (31 + (-14 - 27) - (3 + -2)) + -27?
-38
What is the value of (0 - 32) + (18 + -23 + (6 - -15) - 4)?
-20
What is (-12 - (-1 - (-5 - -14 - 13))) + -9?
-24
(-15 - -10 - 15) + -5 + (4 - 4 - 6)
-31
Calculate -1 + -8 - ((-35 - -32) + -15 + 26).
-17
-9 + 1 + -1 + (47 + -22 - (-20 - -43))
-7
Evaluate (-19 - -6) + (-3 + 3 - (-23 + 26)).
-16
Evaluate -3 + (-18 + 7 - -8) - 8 - -9.
-5
(-16 - 1) + 1 + (-64 - 14 - -27)
-67
4 + -2 + 1 + (-81 - (-173 + 53)) - 13
29
78 - ((-58 - -5) + 107)
24
Evaluate -6983 + 6941 + 24 + (5 - 4).
-17
Calculate -6 + 4 + 3 + (8 - (51 + -36)).
-6
Evaluate 40 + (-4 - (-2 - -10 - -3 - 7)).
32
Calculate (5 + (21 - 13) - -7) + 0 + 4.
24
Evaluate 9 + -1 - (6 - -1 - (97 - (-68 - -148))).
18
What is the value of (44 - (11 - -32 - 28)) + 24?
53
-44 - (4 - 2 - (5 + -1 + -35 + 23))
-54
What is the value of (9 + 90 - 16) + -28 + (3 - (12 + 2))?
44
Evaluate -59 - (-55 - 20) - 4.
12
Calculate 2 + -6 - (2 - 6) - ((-4 - -20) + -53).
37
21 - ((21 - 30) + 22) - (0 + -46)
54
What is the value of (-16 - (17 + -38) - 7) + 43?
41
What is the value of (-22 - -75 - 38) + 1 + 14?
30
(459 - 478) + 2 + 0 + -17
-34
What is the value of 0 + -75 + (877 - 779)?
23
What is the value of (-2 - -94) + (-120 + 106 + (2 - -19) - 20)?
79
Calculate -5 + (74 - (-8 + -7 - -6 - -17)).
61
-1 + -2 + -7 + (-5 + -12 - 1)
-28
What is the value of -2 + (-5 - (2 - 1)) + -2 + (-3152 - -3223)?
61
What is 1 + -19 - (-128 - (-249 + 158))?
19
54 + -9 + 12 + 8 + -20
45
-20 + ((-7 - -5) + 4 - (-73 - -67)) - -68
56
Evaluate -139 + (5 - 53 - -58).
-129
5 + 4 + -6 - (-89 - -89)
3
What is the value of -13 + 3 - (-12 - (-34 - -12)) - 2?
-22
(-244 - -204) + (3 - 5) + (1 - 4)
-45
What is the value of 1 + 41 + (-5540 - -5579)?
81
Evaluate -6 + 57 - -9 - (-10 + -7 - -10).
67
What is the value of -52 - (5 - 53) - -4?
0
What is the value of -41 + (-11 + (9 - 2) - -13) + -4 + 2?
-34
Calculate 77 - (-5 - (18 + -1 + -8 - -3 - 12)).
82
-35 + -24 + -25 + 22
-62
Evaluate -62 + 117 + -58 - (4 + -26 - 1).
20
What is the value of 0 + 24 + (-128 + 106 - -100)?
102
Calculate 2 + 46 - 2 - (9 + -6 - -7).
36
What is the value of -55 + (101 - 25) + -49?
-28
Evaluate (17 - -1) + (-5060 - -5102).
60
What is the value of 513 + -482 + (-4 - -3 - -18)?
48
What is 43 + -30 + (15 - (-15 + 12) - -1)?
32
What is the value of (4 - -9) + (-897 - -942)?
58
-67 + 76 - (-105 + (5 - (15 - 8) - -11))
105
165 + -95 - (4 - -25)
41
What is 39 - (-46 + 66 + -29) - (16 - -2)?
30
Calculate 136 + (-95 - -7) + 15.
63
Evaluate -9 - (-118 + 62 + 94).
-47
(34 - 1) + (-7882 - -7891)
42
What is the value of 0 + -20 - (-8 + (-2 + 15 - 14)) - 64?
-75
(74 - 30) + 6 + -90
-40
What is 7 - (-11 + 22 + -32)?
28
(-37 - (25 - 56)) + 17 + -1 + (82 - 2)
90
Calculate 19 + (-119 - -87 - (-1 + 11)).
-23
What is -6 + -26 + 14 + 58 + -45 + (2 - -11)?
8
What is -83 - ((-33 - -57) + -48)?
-59
What is the value of (2 - 7 - -3) + -3 + 65 + (-71 - -30)?
19
What is the value of 36 - 47 - -9 - (-1 + 33)?
-34
Evaluate (-43 + 1 - (55 - (96 - 53))) + 11.
-43
What is the value of -10 - ((-3 - -13) + 135 + -192)?
37
Evaluate 3520 + -3574 + (-3 - -72).
15
4 - -27 - 18 - -40
53
What is -21 - (-21 + -28 - -15)?
13
What is the value of 33 + -7 + (11 - (0 + 4 + 6)) - 8?
19
What is the value of 22 + (-1 - (-7 + 27 + -4))?
5
What is -129 - -185 - ((13 - -11) + 9)?
23
What is 29 + 0 + (140 - 429 - -312) - (-8 + 1)?
59
82 + -143 + -80 - -9
-132
-97 + 6 - -97 - 125
-119
15 - (61 + -22 + 25) - -25
-24
(1223